of 203150?
2, 5, 17, 239
List the prime factors of 249213.
3, 83071
List the prime factors of 107267.
67, 1601
What are the prime factors of 2843479?
29, 71, 1381
What are the prime factors of 650039?
13, 31, 1613
List the prime factors of 4059027.
3, 7, 19, 3391
What are the prime factors of 210479?
109, 1931
What are the prime factors of 186274?
2, 11, 8467
What are the prime factors of 459688?
2, 37, 1553
List the prime factors of 20089329.
3, 13, 515111
What are the prime factors of 723166?
2, 23, 79, 199
List the prime factors of 14075664.
2, 3, 127, 2309
List the prime factors of 35434.
2, 7, 2531
What are the prime factors of 8791678?
2, 7, 283, 317
List the prime factors of 822611.
822611
What are the prime factors of 4667661?
3, 37, 107, 131
List the prime factors of 4716951.
3, 1019, 1543
What are the prime factors of 6577450?
2, 5, 11, 11959
List the prime factors of 12497.
12497
What are the prime factors of 3459031?
251, 13781
What are the prime factors of 2750660?
2, 5, 11, 12503
List the prime factors of 4457006.
2, 523, 4261
What are the prime factors of 2115360?
2, 3, 5, 13, 113
What are the prime factors of 4083789?
3, 1061, 1283
List the prime factors of 115693.
115693
List the prime factors of 921335.
5, 103, 1789
List the prime factors of 22135255.
5, 4427051
List the prime factors of 30980593.
7, 632257
List the prime factors of 95905.
5, 19181
List the prime factors of 31068818.
2, 11, 1412219
List the prime factors of 12951089.
12951089
List the prime factors of 29515408.
2, 13, 41, 3461
List the prime factors of 7764.
2, 3, 647
List the prime factors of 6764945.
5, 11, 47, 2617
List the prime factors of 30316298.
2, 15158149
What are the prime factors of 6053064?
2, 3, 179, 1409
What are the prime factors of 189530?
2, 5, 11, 1723
List the prime factors of 3984865.
5, 23, 34651
What are the prime factors of 231568?
2, 41, 353
List the prime factors of 6892501.
7, 11, 89513
List the prime factors of 398971.
37, 41, 263
What are the prime factors of 910947?
3, 303649
What are the prime factors of 2695615?
5, 13, 113, 367
List the prime factors of 533076.
2, 3, 31, 1433
List the prime factors of 5978118.
2, 3, 17, 29, 43, 47
List the prime factors of 90703.
90703
What are the prime factors of 169176?
2, 3, 7, 19, 53
What are the prime factors of 1085786?
2, 13, 41761
List the prime factors of 1635537.
3, 67, 79, 103
List the prime factors of 323497.
59, 5483
What are the prime factors of 2364503?
317, 7459
What are the prime factors of 4229429?
4229429
What are the prime factors of 7931216?
2, 495701
What are the prime factors of 29587990?
2, 5, 17, 174047
What are the prime factors of 213500?
2, 5, 7, 61
List the prime factors of 20296179.
3, 2255131
What are the prime factors of 2294079?
3, 19, 167, 241
List the prime factors of 335129.
139, 2411
What are the prime factors of 73261?
61, 1201
What are the prime factors of 2999132?
2, 73, 10271
What are the prime factors of 533968?
2, 23, 1451
What are the prime factors of 253435?
5, 7, 13, 557
List the prime factors of 2331149.
59, 39511
List the prime factors of 235187.
251, 937
What are the prime factors of 368849?
13, 17, 1669
What are the prime factors of 127758?
2, 3, 107, 199
List the prime factors of 635731.
635731
What are the prime factors of 161735?
5, 7, 4621
List the prime factors of 1351994.
2, 7, 269, 359
List the prime factors of 8976905.
5, 7, 256483
What are the prime factors of 59437?
7, 1213
List the prime factors of 6780482.
2, 601, 5641
What are the prime factors of 2343374?
2, 11, 29, 3673
What are the prime factors of 471472?
2, 79, 373
List the prime factors of 1730451.
3, 23, 31, 809
What are the prime factors of 236714?
2, 71, 1667
List the prime factors of 967563.
3, 107507
List the prime factors of 1333612.
2, 7, 47629
List the prime factors of 91217.
7, 83, 157
What are the prime factors of 3891289?
83, 173, 271
List the prime factors of 5187794.
2, 2593897
What are the prime factors of 329446?
2, 13, 12671
List the prime factors of 249659.
249659
What are the prime factors of 19238957?
19238957
What are the prime factors of 1847545?
5, 7, 7541
List the prime factors of 2283550.
2, 5, 109, 419
List the prime factors of 2056492.
2, 514123
List the prime factors of 1406117.
439, 3203
What are the prime factors of 1727106?
2, 3, 287851
List the prime factors of 1274901.
3, 424967
List the prime factors of 1266260.
2, 5, 63313
List the prime factors of 25878724.
2, 173, 37397
List the prime factors of 1361649.
3, 17, 26699
What are the prime factors of 218917?
179, 1223
List the prime factors of 345872.
2, 21617
List the prime factors of 48084.
2, 3, 4007
What are the prime factors of 166841?
166841
What are the prime factors of 428902?
2, 214451
List the prime factors of 442585.
5, 11, 13, 619
List the prime factors of 2077145.
5, 7, 17, 3491
What are the prime factors of 177261?
3, 7, 23, 367
List the prime factors of 2218557.
3, 11, 23, 37, 79
List the prime factors of 25684421.
7, 89, 41227
List the prime factors of 199131.
3, 66377
What are the prime factors of 6435663?
3, 13, 47, 3511
What are the prime factors of 11392539?
3, 373, 10181
List the prime factors of 22411417.
7, 983, 3257
What are the prime factors of 8826?
2, 3, 1471
List the prime factors of 3736481.
7, 17, 1847
What are the prime factors of 6530916?
2, 3, 7, 29, 383
List the prime factors of 193656.
2, 3, 8069
What are the prime factors of 35679570?
2, 3, 5, 29, 41011
What are the prime factors of 1348954?
2, 61, 11057
List the prime factors of 41521624.
2, 23, 113, 1997
List the prime factors of 5887688.
2, 83, 8867
List the prime factors of 201966.
2, 3, 41, 821
List the prime factors of 284389.
7, 40627
List the prime factors of 762811.
7, 59, 1847
List the prime factors of 149879.
67, 2237
What are the prime factors of 4110497?
293, 14029
List the prime factors of 12039945.
3, 5, 149, 5387
List the prime factors of 1721968.
2, 281, 383
List the prime factors of 445772.
2, 111443
List the prime factors of 2031679.
13, 131, 1193
List the prime factors of 5446875.
3, 5, 7, 83
List the prime factors of 142566.
2, 3, 23761
What are the prime factors of 4304656?
2, 269041
List the prime factors of 33432543.
3, 43, 86389
What are the prime factors of 16552198?
2, 13, 3767
List the prime factors of 2010141.
3, 7, 31907
What are the prime factors of 457568?
2, 79, 181
List the prime factors of 1141999.
1141999
List the prime factors of 20882318.
2, 53, 197003
What are the prime factors of 6596364?
2, 3, 181, 3037
What are the prime factors of 331692?
2, 3, 131, 211
List the prime factors of 419566.
2, 7, 23, 1303
What are the prime factors of 22993459?
22993459
List the prime factors of 124880.
2, 5, 7, 223
List the prime factors of 3696357.
3, 7, 176017
What are the prime factors of 46727?
46727
What are the prime factors of 2091718?
2, 1045859
List the prime factors of 23324723.
19, 167, 7351
What are the prime factors of 158500?
2, 5, 317
What are the prime factors of 27573447?
3, 11, 835559
List the prime factors of 1841562.
2, 3, 67, 509
List the prime factors of 38581.
41, 941
What are the prime factors of 4969?
4969
List the prime factors of 348024.
2, 3, 17, 853
What are the prime factors of 1558457?
23, 67759
What are the prime factors of 2123711?
251, 8461
List the prime factors of 1106058.
2, 3, 83, 2221
What are the prime factors of 4820410?
2, 5, 7, 68863
What are the prime factors of 11715360?
2, 3, 5, 24407
What are the prime factors of 69194?
2, 29, 1193
What are the prime factors of 482525?
5, 19301
What are the prime factors of 588048?
2, 3, 12251
List the prime factors of 196725.
3, 5, 43, 61
List the prime factors of 20123160.
2, 3, 5, 23, 317
What are the prime factors of 500681?
31, 521
List the prime factors of 482507.
482507
What are the prime factors of 1804146?
2, 3, 300691
List the prime factors of 5055330.
2, 3, 5, 7, 19, 181
List the prime factors of 616607.
17, 19, 23, 83
What are the prime factors of 19029033?
3, 704779
What are the prime factors of 262329?
3, 87443
What are the prime factors of 600586?
2, 7, 42899
List the prime factors of 1713954.
2, 3, 11, 25969
What are the prime factors of 419467?
419467
List the prime factors of 3614039.